{"version":"1.0","provider_name":"von Schulthess Collection","provider_url":"https:\/\/vonschulthess-collection.com\/de\/","title":"Der Schweizer Sammler - von Schulthess Collection","type":"rich","width":600,"height":338,"html":"<blockquote class=\"wp-embedded-content\" data-secret=\"wZ3UFF4Oiq\"><a href=\"https:\/\/vonschulthess-collection.com\/de\/buecher\/der-schweizer-sammler\/\">Der Schweizer Sammler<\/a><\/blockquote><iframe sandbox=\"allow-scripts\" security=\"restricted\" src=\"https:\/\/vonschulthess-collection.com\/de\/buecher\/der-schweizer-sammler\/embed\/#?secret=wZ3UFF4Oiq\" width=\"600\" height=\"338\" title=\"&#8222;Der Schweizer Sammler&#8220; &#8211; von Schulthess Collection\" data-secret=\"wZ3UFF4Oiq\" frameborder=\"0\" marginwidth=\"0\" marginheight=\"0\" scrolling=\"no\" class=\"wp-embedded-content\"><\/iframe><script type=\"text\/javascript\">\n\/* <![CDATA[ *\/\n\/*! This file is auto-generated *\/\n!function(d,l){\"use strict\";l.querySelector&&d.addEventListener&&\"undefined\"!=typeof URL&&(d.wp=d.wp||{},d.wp.receiveEmbedMessage||(d.wp.receiveEmbedMessage=function(e){var t=e.data;if((t||t.secret||t.message||t.value)&&!\/[^a-zA-Z0-9]\/.test(t.secret)){for(var s,r,n,a=l.querySelectorAll('iframe[data-secret=\"'+t.secret+'\"]'),o=l.querySelectorAll('blockquote[data-secret=\"'+t.secret+'\"]'),c=new RegExp(\"^https?:$\",\"i\"),i=0;i<o.length;i++)o[i].style.display=\"none\";for(i=0;i<a.length;i++)s=a[i],e.source===s.contentWindow&&(s.removeAttribute(\"style\"),\"height\"===t.message?(1e3<(r=parseInt(t.value,10))?r=1e3:~~r<200&&(r=200),s.height=r):\"link\"===t.message&&(r=new URL(s.getAttribute(\"src\")),n=new URL(t.value),c.test(n.protocol))&&n.host===r.host&&l.activeElement===s&&(d.top.location.href=t.value))}},d.addEventListener(\"message\",d.wp.receiveEmbedMessage,!1),l.addEventListener(\"DOMContentLoaded\",function(){for(var e,t,s=l.querySelectorAll(\"iframe.wp-embedded-content\"),r=0;r<s.length;r++)(t=(e=s[r]).getAttribute(\"data-secret\"))||(t=Math.random().toString(36).substring(2,12),e.src+=\"#?secret=\"+t,e.setAttribute(\"data-secret\",t)),e.contentWindow.postMessage({message:\"ready\",secret:t},\"*\")},!1)))}(window,document);\n\/\/# sourceURL=https:\/\/vonschulthess-collection.com\/wp-includes\/js\/wp-embed.min.js\n\/* ]]> *\/\n<\/script>\n","thumbnail_url":"https:\/\/vonschulthess-collection.com\/wp-content\/uploads\/2019\/07\/der_schweizer_sammler-verschoben-e1571043796443.jpg","thumbnail_width":362,"thumbnail_height":514,"description":"Olivier von Schulthess ist nicht nur ein Sammler. Er ist ein Schweizer Sammler. Von solchen Sammlern tr\u00e4umen Galeristen, K\u00fcnstler sowieso. Der Bremer K\u00fcnstler Christian Holzmann tr\u00e4umte bis Ende Mai 2010 von einem Schweizer Sammler. Doch den gab es l\u00e4ngst in seinem K\u00fcnstlerleben, seit Olivier von Schulthess im Oktober 2008 auf der SCOPE in London 12 [&hellip;]"}

Olivier von Schulthess ist nicht nur ein Sammler. Er ist ein Schweizer Sammler. Von solchen Sammlern träumen Galeristen, Künstler sowieso. Der Bremer Künstler Christian Holzmann träumte bis Ende Mai 2010 von einem Schweizer Sammler. Doch den gab es längst in seinem Künstlerleben, seit Olivier von Schulthess im Oktober 2008 auf der SCOPE in London 12 [&hellip;]
