{"version":"1.0","provider_name":"von Schulthess Collection","provider_url":"https:\/\/vonschulthess-collection.com\/de\/","title":"Les Alisiers, Schweiz - von Schulthess Collection","type":"rich","width":600,"height":338,"html":"<blockquote class=\"wp-embedded-content\" data-secret=\"jyAtgZwsBl\"><a href=\"https:\/\/vonschulthess-collection.com\/de\/residenzen\/mayens-de-sion-schweiz\/\">Les Alisiers, Schweiz<\/a><\/blockquote><iframe sandbox=\"allow-scripts\" security=\"restricted\" src=\"https:\/\/vonschulthess-collection.com\/de\/residenzen\/mayens-de-sion-schweiz\/embed\/#?secret=jyAtgZwsBl\" width=\"600\" height=\"338\" title=\"&#8222;Les Alisiers, Schweiz&#8220; &#8211; von Schulthess Collection\" data-secret=\"jyAtgZwsBl\" frameborder=\"0\" marginwidth=\"0\" marginheight=\"0\" scrolling=\"no\" class=\"wp-embedded-content\"><\/iframe><script type=\"text\/javascript\">\n\/* <![CDATA[ *\/\n\/*! This file is auto-generated *\/\n!function(d,l){\"use strict\";l.querySelector&&d.addEventListener&&\"undefined\"!=typeof URL&&(d.wp=d.wp||{},d.wp.receiveEmbedMessage||(d.wp.receiveEmbedMessage=function(e){var t=e.data;if((t||t.secret||t.message||t.value)&&!\/[^a-zA-Z0-9]\/.test(t.secret)){for(var s,r,n,a=l.querySelectorAll('iframe[data-secret=\"'+t.secret+'\"]'),o=l.querySelectorAll('blockquote[data-secret=\"'+t.secret+'\"]'),c=new RegExp(\"^https?:$\",\"i\"),i=0;i<o.length;i++)o[i].style.display=\"none\";for(i=0;i<a.length;i++)s=a[i],e.source===s.contentWindow&&(s.removeAttribute(\"style\"),\"height\"===t.message?(1e3<(r=parseInt(t.value,10))?r=1e3:~~r<200&&(r=200),s.height=r):\"link\"===t.message&&(r=new URL(s.getAttribute(\"src\")),n=new URL(t.value),c.test(n.protocol))&&n.host===r.host&&l.activeElement===s&&(d.top.location.href=t.value))}},d.addEventListener(\"message\",d.wp.receiveEmbedMessage,!1),l.addEventListener(\"DOMContentLoaded\",function(){for(var e,t,s=l.querySelectorAll(\"iframe.wp-embedded-content\"),r=0;r<s.length;r++)(t=(e=s[r]).getAttribute(\"data-secret\"))||(t=Math.random().toString(36).substring(2,12),e.src+=\"#?secret=\"+t,e.setAttribute(\"data-secret\",t)),e.contentWindow.postMessage({message:\"ready\",secret:t},\"*\")},!1)))}(window,document);\n\/\/# sourceURL=https:\/\/vonschulthess-collection.com\/wp-includes\/js\/wp-embed.min.js\n\/* ]]> *\/\n<\/script>\n","description":"Die K\u00fcnstlerresidenz Les Alisiers steht seit 2015 K\u00fcnstlerinnen und K\u00fcnstler aus der Sammlung Olivier von Schulthess als inspiratives Arbeitsrefugium offen. Nicht zuletzt der Wunsch, die Beziehung zwischen Kunstschaffenden und Sammler zu kultivieren und das gemeinsame Interesse f\u00fcr die zeitgen\u00f6ssische Kunst zu pflegen, veranlassten Olivier von Schulthess, sein privates Chalet als eine tempor\u00e4re Residenz f\u00fcr junge [&hellip;]"}

Die Künstlerresidenz Les Alisiers steht seit 2015 Künstlerinnen und Künstler aus der Sammlung Olivier von Schulthess als inspiratives Arbeitsrefugium offen. Nicht zuletzt der Wunsch, die Beziehung zwischen Kunstschaffenden und Sammler zu kultivieren und das gemeinsame Interesse für die zeitgenössische Kunst zu pflegen, veranlassten Olivier von Schulthess, sein privates Chalet als eine temporäre Residenz für junge [&hellip;]
